{"id":10,"date":"2021-05-14T18:27:36","date_gmt":"2021-05-14T16:27:36","guid":{"rendered":"http:\/\/apartamentymelodiafal.pl\/?page_id=10"},"modified":"2022-01-15T19:05:34","modified_gmt":"2022-01-15T18:05:34","slug":"cennik","status":"publish","type":"page","link":"https:\/\/apartamentymelodiafal.pl\/index.php\/cennik\/","title":{"rendered":"Cennik"},"content":{"rendered":"<div class=\"su-tabs su-tabs-style-default su-tabs-mobile-stack\" data-active=\"1\" data-scroll-offset=\"0\" data-anchor-in-url=\"no\"><div class=\"su-tabs-nav\"><span class=\"\" data-url=\"\" data-target=\"blank\" tabindex=\"0\" role=\"button\">ROCK&amp;ROLL - 1<\/span><span class=\"\" data-url=\"\" data-target=\"blank\" tabindex=\"0\" role=\"button\"><b>JAZZ - 2<\/b><\/span><\/div><div class=\"su-tabs-panes\"><div class=\"su-tabs-pane su-u-clearfix su-u-trim\" data-title=\"ROCK&amp;ROLL - 1\">\n<div class=\"su-table su-table-responsive su-table-alternate\">\n<table>\n<tbody style=\"font-size: 15px; text-align:center;\">\n<tr>\n<td>1-15 stycznia <\/td>\n<td>200 pln<\/td>\n<\/tr>\n<tr>\n<td>16 stycznia &#8211; 31 marca<\/td>\n<td>130 pln<\/td>\n<\/tr>\n<tr>\n<td>kwiecie\u0144<\/td>\n<td>150 pln<\/td>\n<\/tr>\n<tr>\n<td>maj<\/td>\n<td>180 pln<\/td>\n<\/tr>\n<tr>\n<td>czerwiec<\/td>\n<td>230 pln<\/td>\n<\/tr>\n<tr>\n<td> lipiec<\/td>\n<td>350 pln<\/td>\n<\/tr>\n<tr>\n<td>sierpie\u0144<\/td>\n<td>350 pln<\/td>\n<\/tr>\n<tr>\n<td>wrzesie\u0144<\/td>\n<td>200 pln<\/td>\n<\/tr>\n<tr>\n<td>pa\u017adziernik<\/td>\n<td>180 pln<\/td>\n<\/tr>\n<tr>\n<td>1-11 listopada<\/td>\n<td>150 pln<\/td>\n<\/tr>\n<tr>\n<td>12 listopada &#8211; 20 grudnia<\/td>\n<td>130 pln<\/td>\n<\/tr>\n<tr>\n<td>21-31 grudnia <\/td>\n<td>200 pln<\/td>\n<\/tr>\n<\/tbody>\n<\/table>\n<\/div>\n<\/div>\n<div class=\"su-tabs-pane su-u-clearfix su-u-trim\" data-title=\"&lt;b&gt;JAZZ - 2&lt;\/b&gt;\">\n<div class=\"su-table su-table-responsive su-table-alternate\">\n<table>\n<tbody style=\"font-size: 15px; text-align:center; font-weight: bold;\">\n<tr>\n<td>1-15 stycznia <\/td>\n<td>160 pln<\/td>\n<\/tr>\n<tr>\n<td>16 stycznia &#8211; 31 marca<\/td>\n<td>100 pln<\/td>\n<\/tr>\n<tr>\n<td>kwiecie\u0144<\/td>\n<td>130 pln<\/td>\n<\/tr>\n<tr>\n<td>maj<\/td>\n<td>150 pln<\/td>\n<\/tr>\n<tr>\n<td>czerwiec<\/td>\n<td>180 pln<\/td>\n<\/tr>\n<tr>\n<td> lipiec<\/td>\n<td>250 pln<\/td>\n<\/tr>\n<tr>\n<td>sierpie\u0144<\/td>\n<td>250 pln<\/td>\n<\/tr>\n<tr>\n<td>wrzesie\u0144<\/td>\n<td>180 pln<\/td>\n<\/tr>\n<tr>\n<td>pa\u017adziernik<\/td>\n<td>150 pln<\/td>\n<\/tr>\n<tr>\n<td>1-11 listopada<\/td>\n<td>130 pln<\/td>\n<\/tr>\n<tr>\n<td>12 listopada &#8211; 20 grudnia<\/td>\n<td>100 pln<\/td>\n<\/tr>\n<tr>\n<td>21-31 grudnia <\/td>\n<td>160 pln<\/td>\n<\/tr>\n<\/tbody>\n<\/table>\n<\/div>\n<\/div><\/div><\/div>\n\n\n\n<pre class=\"wp-block-preformatted has-normal-font-size\"><strong>WA\u017bNE INFORMACJE:<\/strong>\nMinimalny czas pobytu:  \n  - wakacje, ferie zimowe - 7 d\u00f3b\n  - \u015bwi\u0119ta i d\u0142ugie weekendy -  min. 4 doby, \n  - w pozosta\u0142ym okresie roku 3 doby.\nDoba hotelowa rozpoczyna si\u0119 o godz.16.00-20.00 w dniu przyjazdu, a ko\u0144czy si\u0119 o godz.8.00-11.00 w dniu wyjazdu\nW cen\u0119 wliczone s\u0105 wszystkie media.\n\n<strong>DODATKOWE OP\u0141ATY:<\/strong>\nOp\u0142ata klimatyczna wynosi 4,40 PLN za osob\u0119\/doba.\nW pobli\u017cu apartament\u00f3w jest miejski parking \u201eKasprowicza\u201d\u2013 p\u0142atny. Cena 7-dniowego karnetu - 150PLN.\nOp\u0142ata serwisowa (sprz\u0105tanie) - 150PLN.\n\nSzanowni Pa\u0144stwo, podane ceny na naszej stronie s\u0105 wy\u0142\u0105cznie informacj\u0105 handlow\u0105 i nie stanowi\u0105 oferty w my\u015bl art. 66, \u00a7 1. Kodeksu Cywilnego<\/pre>\n\n\n\n<p><\/p>\n","protected":false},"excerpt":{"rendered":"<p>WA\u017bNE INFORMACJE: Minimalny czas pobytu: &#8211; wakacje, ferie zimowe &#8211; 7 d\u00f3b &#8211; \u015bwi\u0119ta i d\u0142ugie weekendy &#8211; min. 4 doby, &#8211; w pozosta\u0142ym okresie roku 3 doby. Doba hotelowa rozpoczyna si\u0119 o godz.16.00-20.00 w dniu przyjazdu, a ko\u0144czy si\u0119 o godz.8.00-11.00 w dniu wyjazdu W cen\u0119 wliczone s\u0105 wszystkie media. DODATKOWE OP\u0141ATY: Op\u0142ata klimatyczna [&hellip;]<\/p>\n","protected":false},"author":1,"featured_media":0,"parent":0,"menu_order":0,"comment_status":"closed","ping_status":"closed","template":"","meta":{"ngg_post_thumbnail":0,"footnotes":""},"class_list":["post-10","page","type-page","status-publish","hentry"],"_links":{"self":[{"href":"https:\/\/apartamentymelodiafal.pl\/index.php\/wp-json\/wp\/v2\/pages\/10","targetHints":{"allow":["GET"]}}],"collection":[{"href":"https:\/\/apartamentymelodiafal.pl\/index.php\/wp-json\/wp\/v2\/pages"}],"about":[{"href":"https:\/\/apartamentymelodiafal.pl\/index.php\/wp-json\/wp\/v2\/types\/page"}],"author":[{"embeddable":true,"href":"https:\/\/apartamentymelodiafal.pl\/index.php\/wp-json\/wp\/v2\/users\/1"}],"replies":[{"embeddable":true,"href":"https:\/\/apartamentymelodiafal.pl\/index.php\/wp-json\/wp\/v2\/comments?post=10"}],"version-history":[{"count":36,"href":"https:\/\/apartamentymelodiafal.pl\/index.php\/wp-json\/wp\/v2\/pages\/10\/revisions"}],"predecessor-version":[{"id":342,"href":"https:\/\/apartamentymelodiafal.pl\/index.php\/wp-json\/wp\/v2\/pages\/10\/revisions\/342"}],"wp:attachment":[{"href":"https:\/\/apartamentymelodiafal.pl\/index.php\/wp-json\/wp\/v2\/media?parent=10"}],"curies":[{"name":"wp","href":"https:\/\/api.w.org\/{rel}","templated":true}]}}